{"id":70,"date":"2012-08-01T10:03:48","date_gmt":"2012-08-01T08:03:48","guid":{"rendered":"http:\/\/sv-waldkirch-tischtennis.de\/?page_id=70"},"modified":"2026-01-18T12:00:28","modified_gmt":"2026-01-18T10:00:28","slug":"schuler-1","status":"publish","type":"page","link":"https:\/\/sv-waldkirch-tischtennis.de\/?page_id=70","title":{"rendered":"Jungen \/ M\u00e4dchen U19"},"content":{"rendered":"\n<p><a href=\"https:\/\/www.mytischtennis.de\/click-tt\/TTBW\/25--26\/ligen\/Jungen_19_Kreisliga_B_VR\/gruppe\/494409\/mannschaft\/2960800\/SV_Waldkirch\/spielerbilanzen\/gesamt\" target=\"_blank\" rel=\"noreferrer noopener\">Jungen \/ M\u00e4dchen 19 Kreisliga B<\/a><\/p>\n\n\n\n<p>Bela Jendri<br>Philine Jendri<br>Ida R\u00f6sberger<br>Lara Contiu<br>Lars Reichenbach<br>Timo Wessely<br><br><\/p>\n\n\n\n<figure class=\"wp-block-image size-large\"><a href=\"https:\/\/sv-waldkirch-tischtennis.de\/wp-content\/uploads\/2026\/01\/TT-Jugend_Web-scaled.jpeg\"><img loading=\"lazy\" decoding=\"async\" width=\"880\" height=\"1024\" src=\"https:\/\/sv-waldkirch-tischtennis.de\/wp-content\/uploads\/2026\/01\/TT-Jugend_Web-880x1024.jpeg\" alt=\"\" class=\"wp-image-6801\" srcset=\"https:\/\/sv-waldkirch-tischtennis.de\/wp-content\/uploads\/2026\/01\/TT-Jugend_Web-880x1024.jpeg 880w, https:\/\/sv-waldkirch-tischtennis.de\/wp-content\/uploads\/2026\/01\/TT-Jugend_Web-258x300.jpeg 258w, https:\/\/sv-waldkirch-tischtennis.de\/wp-content\/uploads\/2026\/01\/TT-Jugend_Web-768x894.jpeg 768w, https:\/\/sv-waldkirch-tischtennis.de\/wp-content\/uploads\/2026\/01\/TT-Jugend_Web-1319x1536.jpeg 1319w, https:\/\/sv-waldkirch-tischtennis.de\/wp-content\/uploads\/2026\/01\/TT-Jugend_Web-1759x2048.jpeg 1759w\" sizes=\"auto, (max-width: 880px) 100vw, 880px\" \/><\/a><\/figure>\n\n\n\n<p>v.l.n.r.: Philine Jendri, Ida R\u00f6sberger, Bela Jendri, Timo Wessely, Lars Reichenbach, Lara Contiu<br>(2025\/2026)<\/p>\n\n\n\n<p><\/p>\n\n\n\n<p><a href=\"https:\/\/sv-waldkirch-tischtennis.de\/wp-content\/uploads\/2022\/04\/2021_22_Jugend.jpg\"><img loading=\"lazy\" decoding=\"async\" class=\"alignnone size-full wp-image-3768\" src=\"https:\/\/sv-waldkirch-tischtennis.de\/wp-content\/uploads\/2022\/04\/2021_22_Jugend.jpg\" alt=\"\" width=\"800\" height=\"548\" srcset=\"https:\/\/sv-waldkirch-tischtennis.de\/wp-content\/uploads\/2022\/04\/2021_22_Jugend.jpg 800w, https:\/\/sv-waldkirch-tischtennis.de\/wp-content\/uploads\/2022\/04\/2021_22_Jugend-300x206.jpg 300w, https:\/\/sv-waldkirch-tischtennis.de\/wp-content\/uploads\/2022\/04\/2021_22_Jugend-768x526.jpg 768w, https:\/\/sv-waldkirch-tischtennis.de\/wp-content\/uploads\/2022\/04\/2021_22_Jugend-438x300.jpg 438w\" sizes=\"auto, (max-width: 800px) 100vw, 800px\" \/><\/a><br>v.l.n.r. :&nbsp; David Feil, Mika Berad, Marlon Oschwald, Jan L\u00fccking (2021\/2022 und 2022\/2023)<\/p>\n\n\n\n<figure class=\"wp-block-image\"><a href=\"https:\/\/sv-waldkirch-tischtennis.de\/?attachment_id=3421\" rel=\"attachment wp-att-3421\"><img loading=\"lazy\" decoding=\"async\" width=\"2560\" height=\"1440\" src=\"https:\/\/sv-waldkirch-tischtennis.de\/wp-content\/uploads\/2020\/01\/Bild6-scaled.jpg\" alt=\"\" class=\"wp-image-3421\" srcset=\"https:\/\/sv-waldkirch-tischtennis.de\/wp-content\/uploads\/2020\/01\/Bild6-scaled.jpg 2560w, https:\/\/sv-waldkirch-tischtennis.de\/wp-content\/uploads\/2020\/01\/Bild6-300x169.jpg 300w, https:\/\/sv-waldkirch-tischtennis.de\/wp-content\/uploads\/2020\/01\/Bild6-1024x576.jpg 1024w, https:\/\/sv-waldkirch-tischtennis.de\/wp-content\/uploads\/2020\/01\/Bild6-768x432.jpg 768w, https:\/\/sv-waldkirch-tischtennis.de\/wp-content\/uploads\/2020\/01\/Bild6-1536x864.jpg 1536w, https:\/\/sv-waldkirch-tischtennis.de\/wp-content\/uploads\/2020\/01\/Bild6-2048x1152.jpg 2048w, https:\/\/sv-waldkirch-tischtennis.de\/wp-content\/uploads\/2020\/01\/Bild6-500x281.jpg 500w\" sizes=\"auto, (max-width: 2560px) 100vw, 2560px\" \/><\/a><\/figure>\n\n\n\n<p><\/p>\n\n\n\n<p>v.l.n.r. : Jan L\u00fccking, David Feil, Mika Berard und Marlon Oschwald (2019\/2020)<\/p>\n\n\n\n<p><a href=\"https:\/\/sv-waldkirch-tischtennis.de\/?attachment_id=2551\" rel=\"attachment wp-att-2551\"><img loading=\"lazy\" decoding=\"async\" class=\"alignnone size-large wp-image-2551\" src=\"https:\/\/sv-waldkirch-tischtennis.de\/wp-content\/uploads\/2017\/11\/Jugend2_2017_web-1024x658.jpg\" alt=\"\" width=\"584\" height=\"375\" srcset=\"https:\/\/sv-waldkirch-tischtennis.de\/wp-content\/uploads\/2017\/11\/Jugend2_2017_web-1024x658.jpg 1024w, https:\/\/sv-waldkirch-tischtennis.de\/wp-content\/uploads\/2017\/11\/Jugend2_2017_web-300x193.jpg 300w, https:\/\/sv-waldkirch-tischtennis.de\/wp-content\/uploads\/2017\/11\/Jugend2_2017_web-768x493.jpg 768w, https:\/\/sv-waldkirch-tischtennis.de\/wp-content\/uploads\/2017\/11\/Jugend2_2017_web-467x300.jpg 467w\" sizes=\"auto, (max-width: 584px) 100vw, 584px\" \/><\/a> (2017\/2018)<\/p>\n\n\n\n<p><a href=\"https:\/\/sv-waldkirch-tischtennis.de\/wp-content\/uploads\/2012\/08\/IMG_9262.jpg\"><img decoding=\"async\" class=\"alignnone size-full wp-image-1363\" src=\"https:\/\/sv-waldkirch-tischtennis.de\/wp-content\/uploads\/2012\/08\/IMG_9262.jpg\" alt=\"IMG_9262\"><\/a><br>v.l.n.r. : David Brotte, Nicolai Boldt, Julian Schur, Luis Dittrich<br>(2014\/2015)<\/p>\n\n\n<div class=\"wp-block-image\">\n<figure class=\"alignleft\"><a href=\"https:\/\/sv-waldkirch-tischtennis.de\/wp-content\/uploads\/2012\/08\/Sch\u00fcler1.jpg\"><img loading=\"lazy\" decoding=\"async\" width=\"1522\" height=\"1139\" src=\"https:\/\/sv-waldkirch-tischtennis.de\/wp-content\/uploads\/2012\/08\/Sch\u00fcler1.jpg\" alt=\"\" class=\"wp-image-530\" title=\"Sch\u00fcler1\" srcset=\"https:\/\/sv-waldkirch-tischtennis.de\/wp-content\/uploads\/2012\/08\/Sch\u00fcler1.jpg 1522w, https:\/\/sv-waldkirch-tischtennis.de\/wp-content\/uploads\/2012\/08\/Sch\u00fcler1-300x224.jpg 300w, https:\/\/sv-waldkirch-tischtennis.de\/wp-content\/uploads\/2012\/08\/Sch\u00fcler1-1024x766.jpg 1024w, https:\/\/sv-waldkirch-tischtennis.de\/wp-content\/uploads\/2012\/08\/Sch\u00fcler1-400x300.jpg 400w\" sizes=\"auto, (max-width: 1522px) 100vw, 1522px\" \/><\/a><\/figure>\n<\/div>\n\n\n<p><\/p>\n\n\n\n<p>v.l.n.r. : Nico Uhl, Luca St\u00f6hr, Julian Kury, Marcel Laudenberg, Lukas Jahn (2012\/2013)<\/p>\n","protected":false},"excerpt":{"rendered":"<p>Jungen \/ M\u00e4dchen 19 Kreisliga B Bela JendriPhiline JendriIda R\u00f6sbergerLara ContiuLars ReichenbachTimo Wessely v.l.n.r.: Philine Jendri, Ida R\u00f6sberger, Bela Jendri, Timo Wessely, Lars Reichenbach, Lara Contiu(2025\/2026) v.l.n.r. :&nbsp; David Feil, Mika Berad, Marlon Oschwald, Jan L\u00fccking (2021\/2022 und 2022\/2023) v.l.n.r. &hellip; <a href=\"https:\/\/sv-waldkirch-tischtennis.de\/?page_id=70\">Weiterlesen <span class=\"meta-nav\">&rarr;<\/span><\/a><\/p>\n","protected":false},"author":1,"featured_media":0,"parent":46,"menu_order":1,"comment_status":"closed","ping_status":"closed","template":"","meta":{"footnotes":""},"class_list":["post-70","page","type-page","status-publish","hentry"],"_links":{"self":[{"href":"https:\/\/sv-waldkirch-tischtennis.de\/index.php?rest_route=\/wp\/v2\/pages\/70","targetHints":{"allow":["GET"]}}],"collection":[{"href":"https:\/\/sv-waldkirch-tischtennis.de\/index.php?rest_route=\/wp\/v2\/pages"}],"about":[{"href":"https:\/\/sv-waldkirch-tischtennis.de\/index.php?rest_route=\/wp\/v2\/types\/page"}],"author":[{"embeddable":true,"href":"https:\/\/sv-waldkirch-tischtennis.de\/index.php?rest_route=\/wp\/v2\/users\/1"}],"replies":[{"embeddable":true,"href":"https:\/\/sv-waldkirch-tischtennis.de\/index.php?rest_route=%2Fwp%2Fv2%2Fcomments&post=70"}],"version-history":[{"count":56,"href":"https:\/\/sv-waldkirch-tischtennis.de\/index.php?rest_route=\/wp\/v2\/pages\/70\/revisions"}],"predecessor-version":[{"id":6803,"href":"https:\/\/sv-waldkirch-tischtennis.de\/index.php?rest_route=\/wp\/v2\/pages\/70\/revisions\/6803"}],"up":[{"embeddable":true,"href":"https:\/\/sv-waldkirch-tischtennis.de\/index.php?rest_route=\/wp\/v2\/pages\/46"}],"wp:attachment":[{"href":"https:\/\/sv-waldkirch-tischtennis.de\/index.php?rest_route=%2Fwp%2Fv2%2Fmedia&parent=70"}],"curies":[{"name":"wp","href":"https:\/\/api.w.org\/{rel}","templated":true}]}}